{"version":"1.0","provider_name":"Illyrian Tailor","provider_url":"https:\/\/illyriantailor.com\/english","title":"Baret podle prince Edwarda VI. - Illyrian Tailor","type":"rich","width":600,"height":338,"html":"<blockquote class=\"wp-embedded-content\" data-secret=\"Ua8c3EwEPL\"><a href=\"https:\/\/illyriantailor.com\/english\/2025\/11\/12\/baret\/\">Bonnet according to prince Edward VI<\/a><\/blockquote><iframe sandbox=\"allow-scripts\" security=\"restricted\" src=\"https:\/\/illyriantailor.com\/english\/2025\/11\/12\/baret\/embed\/#?secret=Ua8c3EwEPL\" width=\"600\" height=\"338\" title=\"&#8220;Baret podle prince Edwarda VI.&#8221; &#8212; Illyrian Tailor\" data-secret=\"Ua8c3EwEPL\" frameborder=\"0\" marginwidth=\"0\" marginheight=\"0\" scrolling=\"no\" class=\"wp-embedded-content\"><\/iframe><script>\n\/*! This file is auto-generated *\/\n!function(d,l){\"use strict\";l.querySelector&&d.addEventListener&&\"undefined\"!=typeof URL&&(d.wp=d.wp||{},d.wp.receiveEmbedMessage||(d.wp.receiveEmbedMessage=function(e){var t=e.data;if((t||t.secret||t.message||t.value)&&!\/[^a-zA-Z0-9]\/.test(t.secret)){for(var s,r,n,a=l.querySelectorAll('iframe[data-secret=\"'+t.secret+'\"]'),o=l.querySelectorAll('blockquote[data-secret=\"'+t.secret+'\"]'),c=new RegExp(\"^https?:$\",\"i\"),i=0;i<o.length;i++)o[i].style.display=\"none\";for(i=0;i<a.length;i++)s=a[i],e.source===s.contentWindow&&(s.removeAttribute(\"style\"),\"height\"===t.message?(1e3<(r=parseInt(t.value,10))?r=1e3:~~r<200&&(r=200),s.height=r):\"link\"===t.message&&(r=new URL(s.getAttribute(\"src\")),n=new URL(t.value),c.test(n.protocol))&&n.host===r.host&&l.activeElement===s&&(d.top.location.href=t.value))}},d.addEventListener(\"message\",d.wp.receiveEmbedMessage,!1),l.addEventListener(\"DOMContentLoaded\",function(){for(var e,t,s=l.querySelectorAll(\"iframe.wp-embedded-content\"),r=0;r<s.length;r++)(t=(e=s[r]).getAttribute(\"data-secret\"))||(t=Math.random().toString(36).substring(2,12),e.src+=\"#?secret=\"+t,e.setAttribute(\"data-secret\",t)),e.contentWindow.postMessage({message:\"ready\",secret:t},\"*\")},!1)))}(window,document);\n\/\/# sourceURL=https:\/\/illyriantailor.com\/wp-includes\/js\/wp-embed.min.js\n<\/script>","thumbnail_url":"https:\/\/www.illyriantailor.com\/wp-content\/uploads\/2025\/11\/Havni_foto_baret.jpg","thumbnail_width":1500,"thumbnail_height":2000,"description":"S \u0161it\u00edm tohoto baretu, jako dopl\u0148ku k d\u011btsk\u00e9mu kost\u00fdmu doby t\u0159icetilet\u00e9 v\u00e1lky, jsem velmi dlouho v\u00e1hala, jeliko\u017e do \u010desk\u00e9ho prost\u0159ed\u00ed u\u017e do t\u00e9to doby nezapad\u00e1. Proto\u017ee by ale teoreticky v t\u00e9 dob\u011b na \u010desk\u00e9m \u00fazem\u00ed nebyl takov\u00fd vzhled zcela nemo\u017en\u00fd a u mal\u00fdch d\u011bt\u00ed se v\u017edy u dobovosti trochu p\u0159imhou\u0159\u00ed o\u010di, pro moji velkou slabost k tomuto dopl\u0148ku jsem ho u\u0161ila. P\u016fvodn\u011b byl \u0161it\u00fd pro syna dle st\u0159ihu z publikace The Tudor Child: Clothing and Culture 1485 to 1625. Hned p\u0159i jeho tvorb\u011b si ho obl\u00edbil i mlad\u0161\u00ed sourozenec, a tak jsme velmi brzo na akc\u00edch m\u011bli malou tudorovskou hol\u010di\u010dku."}

S šitím tohoto baretu, jako doplňku k dětskému kostýmu doby třicetileté války, jsem velmi dlouho váhala, jelikož do českého prostředí už do této doby nezapadá. Protože by ale teoreticky v té době na českém území nebyl takový vzhled zcela nemožný a u malých dětí se vždy u dobovosti trochu přimhouří oči, pro moji velkou slabost k tomuto doplňku jsem ho ušila. Původně byl šitý pro syna dle střihu z publikace The Tudor Child: Clothing and Culture 1485 to 1625. Hned při jeho tvorbě si ho oblíbil i mladší sourozenec, a tak jsme velmi brzo na akcích měli malou tudorovskou holčičku.
